
Let s be 2 + (-1 - -2 - 1). Suppose -2*c - f + 7 + 97 = 0, 5*c = s*f + 242. What is the greatest common divisor of c and 25?
25
Let q(k) = -6*k - 89. Let i be q(-16). What is the highest common divisor of 56 and i?
7
Suppose 31 + 37 = 4*x. Calculate the greatest common factor of x and 187.
17
Let w(u) = -u + 1. Let a be w(-1). Let c(s) = -2*s + 6. Let v be c(8). Let k be v/4*6/(-3). Calculate the greatest common divisor of a and k.
1
Let p(r) be the first derivative of r**2/2 + 12*r - 3. Let c be p(-7). Let n = 60 - 5. What is the greatest common factor of c and n?
5
Let v be 0*3/9 - -104. Let f = -50 + v. Calculate the greatest common divisor of 18 and f.
18
Suppose -2*m + g = -4, 4*g - 4 = -m - 2. Suppose p = 1 + m. Calculate the highest common divisor of 3 and p.
3
Let k = -71 + 75. Calculate the highest common divisor of 3 and k.
1
Let z be 2/(-5) - (-246)/15. Suppose -10*t = -15*t, 0 = -3*o + 3*t + 12. What is the greatest common factor of z and o?
4
Let d(p) = p**3 + 3*p**2 + 2*p. Let t be d(-3). Let o be (t/(-4))/(3/200). What is the greatest common factor of o and 40?
20
Let x be (3*-1)/(2/(-84)). Let t(w) be the third derivative of 7*w**5/30 + 2*w**2. Let k be t(1). What is the highest common factor of x and k?
14
Let k = -47 - -79. What is the greatest common divisor of k and 4?
4
Let w be 2*7/1*1. Let i = 8 - w. Let x be (-232)/i - (-1)/3. Calculate the highest common factor of x and 13.
13
Let p = -79 + 88. What is the greatest common divisor of 171 and p?
9
Let c(w) = -10*w**3 - 2*w**2 - 3*w - 2. Let x be c(-1). Calculate the highest common divisor of x and 3.
3
Suppose 3*f = -q - 0 + 4, -3*f = 2*q - 2. Suppose 0 = -0*i - f*i + 18. What is the greatest common divisor of 36 and i?
9
Suppose 4*r + 33 = 3*u + 101, 2*u = -4*r + 68. Calculate the highest common divisor of 17 and r.
17
Let b = 18 - 12. Let p = b + -4. Suppose 0 = 5*z - 23 - p. What is the greatest common factor of 40 and z?
5
Let h(n) = -n**3 + 6*n**2 - n - 5. Let x be h(4). Let r(p) = -7*p - 1. Let f be r(-10). Calculate the highest common factor of f and x.
23
Suppose 2*c = -2*c + 480. Suppose k = 4*k - c. What is the greatest common divisor of k and 5?
5
Suppose -4*b - 4*k + 20 = 0, 2*b + 12 = 5*k - 13. Suppose -l + 0*l + 25 = b. Calculate the highest common divisor of 5 and l.
5
Let o(n) = -4*n + 13. Let l be o(-8). Let p be (-6)/l - 454/(-30). Calculate the greatest common divisor of p and 90.
15
Let q = 22 + -2. Let r be 2/(-10) - (-11)/5. Suppose -4*j + 136 = 4*x, 3*x + 48 = -r*j + 4*j. What is the highest common divisor of j and q?
10
Suppose 75 = 21*x - 16*x. Calculate the greatest common factor of 165 and x.
15
Suppose 10*x - 80 = 2*x. What is the greatest common factor of 2 and x?
2
Let d(f) = 3*f + 1. Let x be d(-4). Let m = x + 21. Let o be 90/12*32/6. Calculate the greatest common divisor of o and m.
10
Suppose -4*q + 54 = 3*u, -2*q + 0*q = 0. Calculate the highest common factor of u and 2.
2
Let s = 22 + -6. Calculate the greatest common divisor of 128 and s.
16
Let a = 24 + -17. What is the highest common factor of a and 7?
7
Suppose 3*s = 2*s + 70. Suppose -d - 5 = 2. Let j(l) = -l**2 - 9*l - 4. Let i be j(d). What is the highest common divisor of i and s?
10
Let u be (2/3)/((-7)/(-42)) + 33. Calculate the highest common factor of u and 185.
37
Let o = -106 + 156. Let f = 11 - 6. Suppose -130 = -f*t + o. Calculate the greatest common factor of 12 and t.
12
Let w = 31 - 23. Calculate the highest common divisor of w and 2.
2
Let u be 2/3 - (-26)/6. Suppose u*i = 2*p + 43, 2*i + 0 = -5*p - 6. Let l = 3 - -60. Calculate the greatest common divisor of i and l.
7
Let z(l) = l - 1. Suppose -4*a + 10 = 42. Let b be z(a). Let t be (-3)/b*3*12. What is the highest common divisor of t and 30?
6
Suppose 5*n = -y + 149, y + 145 = 5*n + 6*y. Calculate the greatest common divisor of n and 180.
30
Suppose 2*b + 50 = 7*b. Suppose -206 = -5*w + 234. Suppose 0 = -l - 4*z + 90, -4*l + w = 4*z - 332. What is the highest common factor of b and l?
10
Suppose -i + 3*j + 6 = -22, -5*i - 3*j = -68. Let k = -18 + 34. What is the highest common divisor of k and i?
16
Let b(v) = 3*v**2 - 6*v + 6. Let k be b(7). Let p be 4/14 - 4328/56. Let n = k + p. What is the highest common divisor of n and 17?
17
Let m(i) = 4*i**3 + 3*i - 3. Let z be m(2). Calculate the greatest common divisor of 7 and z.
7
Let a(j) = j. Let w be a(0). Suppose w = 4*r + 2*p - 34, 4*p - 31 = -r + 8*p. What is the greatest common factor of r and 44?
11
Let o be (0 + 3)*-10*(-1)/2. Calculate the highest common factor of 120 and o.
15
Suppose 115 = 5*r + 3*m + 2*m, 0 = -2*r - 5*m + 55. What is the highest common divisor of r and 8?
4
Let m(q) = q**2 - 7*q + 21. Let u be m(6). What is the highest common divisor of u and 240?
15
Suppose o = 7*o - 570. What is the greatest common divisor of o and 19?
19
Suppose 0 = -4*m - 6*m + 580. Calculate the greatest common factor of m and 29.
29
Let p = 2 + -1. Let z = 22 + p. Suppose -7 = -5*q + z. What is the highest common divisor of q and 3?
3
Let f(z) = -7*z + 7. Let l be f(-6). Let y be 4/2 + l - 1. Suppose 2*s - 110 = -7*i + 2*i, 3*s + 45 = 3*i. Calculate the greatest common divisor of y and i.
10
Let x be (9/(-2))/(6/(-16)). Let v(l) = 12 - 7 - 2 + x + l**2 - l. Let y be v(0). Calculate the greatest common factor of y and 10.
5
Let q(b) = b**3 - 2*b**2 - 6*b + 9. Let c be q(5). What is the highest common divisor of 27 and c?
27
Suppose -2*y - 46 + 154 = 0. Calculate the greatest common factor of 27 and y.
27
Suppose -5 + 15 = 2*p. Suppose 5*u = 5*r + 10, r + 6 = 3*u + p*r. Suppose 0 + 16 = 2*n. Calculate the greatest common divisor of u and n.
2
Suppose 0 = -2*d - 0*d + 4. Let r(c) = -d*c - 3*c - 2*c - c**2 - 6. Let p be r(-5). Calculate the greatest common factor of 8 and p.
4
Let s be 6/9 + 506/6. Suppose 2*u = 2*c + 60, -3*c - 52 = 4*u - 200. Calculate the greatest common divisor of s and u.
17
Suppose -2*q + 6*q = -y + 41, -2*y + 4*q + 106 = 0. Calculate the highest common divisor of 21 and y.
7
Let l = 15 + -10. Suppose 0 = 5*z, -2*d - 3*d - l*z = -20. Suppose -d + 12 = a. Calculate the highest common divisor of 2 and a.
2
Suppose -4*o - 4*l = -116, o - 1 = 5*l - 2. Calculate the greatest common factor of 60 and o.
12
Suppose -4*t - t = 4*f - 81, 4 = f. Let b = t - 8. Suppose -2*q = -b*u - 55 - 14, 3*q - 138 = -4*u. Calculate the highest common divisor of q and 14.
14
Suppose 4*s = 5*j - 92, s - 3*j + 34 = 4. Let p = 32 + s. Calculate the highest common factor of 98 and p.
14
Let n be 14/(-63) + 704/9. Suppose 4*u = 38 + n. What is the greatest common factor of u and 87?
29
Suppose -5*s = 2*f - 38 - 2, -s - 2 = 0. Suppose -3*r = 2*r - f. Calculate the greatest common factor of r and 2.
1
Let z = 87 + -83. Calculate the greatest common factor of z and 7.
1
Let b be 22/2 - 24/8. Calculate the highest common factor of 16 and b.
8
Let j be 513*(1 - (-4)/(-6)). Let y be 2/(4/2) - -18. What is the highest common factor of y and j?
19
Let p be 1/((-1)/(-145)) + -1. Let b = -24 - -1. Let c = 39 + b. What is the highest common factor of c and p?
16
Let p(n) = 8*n**2 - 2*n + 6. Let h be p(3). Let k = 127 - h. Calculate the highest common factor of k and 5.
5
Let r(q) = q - 3. Let b be r(6). What is the highest common divisor of b and 3?
3
Suppose -270 = -v - 2*v. Let d(z) = -z**2 + z + 21. Let h be d(0). Let m = h + -12. What is the greatest common divisor of v and m?
9
Suppose -9*n + 5*n + 132 = 0. Calculate the greatest common divisor of n and 22.
11
Let p = 8 + -6. Let w be (p + -14)/(1/(-2)). Calculate the highest common factor of 12 and w.
12
Let c(v) = -4*v + 52. Let l be c(5). Let h be (2 - 1) + (-1 - -48). Calculate the greatest common divisor of h and l.
16
Suppose 0*f + 2*f - 5*i = -21, 4*i - 10 = 5*f. Suppose 41 = 3*j - 4*c, f*j + 6*c = c + 12. Calculate the highest common divisor of j and 1.
1
Let k be (12/15)/((-2)/(-30)). Suppose -3*i + 4*i = 3. Suppose -y - i*b + 39 = 0, -3*y + 0*y + 138 = 2*b. Calculate the highest common divisor of y and k.
12
Let a(z) = 2*z**3 + 8*z**2 + 4*z + 2. Let s be a(-3). Calculate the highest common divisor of s and 1.
1
Let x = -131 + 421. Suppose 7*z - x = 2*z. Suppose -4*g + 2*m + z = 0, -3*m + 3 = -6. Calculate the highest 